{"id":16633,"date":"2019-07-23T07:04:44","date_gmt":"2019-07-23T07:04:44","guid":{"rendered":"https:\/\/elisabethkastanakis.com\/?page_id=16633"},"modified":"2019-07-29T06:27:10","modified_gmt":"2019-07-29T06:27:10","slug":"intensiv-training-antike-tantrische-kuenste","status":"publish","type":"page","link":"https:\/\/elisabethkastanakis.com\/?page_id=16633&lang=de","title":{"rendered":"Intensiv Training : Antike Tantrische K\u00fcnste"},"content":{"rendered":"<div class=\"fusion-fullwidth fullwidth-box fusion-builder-row-1 hundred-percent-fullwidth non-hundred-percent-height-scrolling\" style=\"background-color: rgba(255,255,255,0);background-position: center center;background-repeat: no-repeat;padding-top:0px;padding-right:0px;padding-bottom:0px;padding-left:0px;margin-bottom: 10px;margin-top: 10px;border-width: 0px 0px 0px 0px;border-color:#3e3e3e;border-style:solid;\" ><div class=\"fusion-builder-row fusion-row\"><div class=\"fusion-layout-column fusion_builder_column fusion-builder-column-0 fusion_builder_column_1_1 1_1 fusion-one-full fusion-column-first fusion-column-last fusion-column-no-min-height\" style=\"margin-top:0px;margin-bottom:0px;\"><div class=\"fusion-column-wrapper fusion-flex-column-wrapper-legacy\" style=\"background-position:left top;background-repeat:no-repeat;-webkit-background-size:cover;-moz-background-size:cover;-o-background-size:cover;background-size:cover;padding: 0px 0px 0px 0px;\"><div class=\"fusion-sep-clear\"><\/div><div class=\"fusion-separator fusion-full-width-sep\" style=\"margin-left: auto;margin-right: auto;width:100%;\"><\/div><div class=\"fusion-sep-clear\"><\/div><div class=\"fusion-video fusion-youtube\" style=\"max-width:1552px;max-height:873px;\"><div class=\"video-shortcode\"><iframe title=\"YouTube video player\" src=\"https:\/\/www.youtube.com\/embed\/G7OOmt_O6tk?wmode=transparent&autoplay=0\" width=\"1552\" height=\"873\" allowfullscreen allow=\"autoplay; fullscreen\"><\/iframe><\/div><\/div><div class=\"fusion-sep-clear\"><\/div><div class=\"fusion-separator fusion-full-width-sep\" style=\"margin-left: auto;margin-right: auto;margin-top:10px;width:100%;\"><div class=\"fusion-separator-border sep-double\" style=\"border-color:#000000;border-top-width:1px;border-bottom-width:1px;\"><\/div><\/div><div class=\"fusion-sep-clear\"><\/div><div class=\"fusion-text fusion-text-1\" style=\"transform:translate3d(0,0,0);\"><p>Wir werden in diesem au\u00dfergew\u00f6hnliche Retreat unseren Fokus auf das SAMADHI, die tiefste spirituelle Versenkung, auf die Polarit\u00e4t und die g\u00f6ttliche Einheit, auf den psychodynamischen Magnetismus, auf die TANTRISCHE LIEBE, SEXUALMAGIE und HEILIGE BEZIEHUNGEN richten \u2013 entsprechend der MYSTERIENSCHULEN des antiken Kaschmir und \u00c4gyptens.<\/p>\n<p>Du wirst MEISTERSCHAFT in der KUNST DER TANTRISCHEN BER\u00dcHRUNG und der authentischen KASCHMIR-MASSAGE erlangen und wir werden Dich in die Heilige Tantrische Essenz einweihen.<\/p>\n<p>Es ist nicht nur ein Seminar, sondern eine R\u00fcckkehr zu unserer Quelle, zu unserem g\u00f6ttlichen Kern des Seins, ein INITIATIONSPROZESS DER SEELE, eine lebendige Erfahrung in unserer liebevollen, ekstatischen TANTRISCHEN FAMILIE. Zusammen werden wir zur Saat einer lichtvollen Evolution unseres Planeten und seiner Gesch\u00f6pfe.<\/p>\n<p>Nach diesem Seminar wirst Du bereit sein, den kostbaren Tantrischen Weisheitsschatz in Deinen Alltag mitzunehmen, ihn zu leben und mit der ganzen Welt zu teilen. Alle Teilnehmer dieses Intensiv-Retreats erhalten ein INTERNATIONALES ZERTIFIKAT.<\/p>\n<p>Anf\u00e4nger sind genauso willkommen wie Fortgeschrittene.&#x200d;<\/p>\n<\/div><div class=\"fusion-sep-clear\"><\/div><div class=\"fusion-separator fusion-full-width-sep\" style=\"margin-left: auto;margin-right: auto;margin-top:10px;width:100%;\"><div class=\"fusion-separator-border sep-double\" style=\"border-color:#000000;border-top-width:1px;border-bottom-width:1px;\"><\/div><\/div><div class=\"fusion-sep-clear\"><\/div><div class=\"fusion-video fusion-youtube\" style=\"max-width:600px;max-height:338px;\"><div class=\"video-shortcode\"><iframe title=\"YouTube video player\" src=\"https:\/\/www.youtube.com\/embed\/9GvdoMeSiSk?wmode=transparent&autoplay=0\" width=\"600\" height=\"338\" allowfullscreen allow=\"autoplay; fullscreen\"><\/iframe><\/div><\/div><div class=\"fusion-clearfix\"><\/div><\/div><\/div><\/div><style type=\"text\/css\">.fusion-fullwidth.fusion-builder-row-1 { overflow:visible; }<\/style><\/div>\n","protected":false},"excerpt":{"rendered":"","protected":false},"author":4,"featured_media":0,"parent":0,"menu_order":0,"comment_status":"closed","ping_status":"closed","template":"","meta":{"footnotes":""},"class_list":["post-16633","page","type-page","status-publish","hentry"],"_links":{"self":[{"href":"https:\/\/elisabethkastanakis.com\/index.php?rest_route=\/wp\/v2\/pages\/16633","targetHints":{"allow":["GET"]}}],"collection":[{"href":"https:\/\/elisabethkastanakis.com\/index.php?rest_route=\/wp\/v2\/pages"}],"about":[{"href":"https:\/\/elisabethkastanakis.com\/index.php?rest_route=\/wp\/v2\/types\/page"}],"author":[{"embeddable":true,"href":"https:\/\/elisabethkastanakis.com\/index.php?rest_route=\/wp\/v2\/users\/4"}],"replies":[{"embeddable":true,"href":"https:\/\/elisabethkastanakis.com\/index.php?rest_route=%2Fwp%2Fv2%2Fcomments&post=16633"}],"version-history":[{"count":5,"href":"https:\/\/elisabethkastanakis.com\/index.php?rest_route=\/wp\/v2\/pages\/16633\/revisions"}],"predecessor-version":[{"id":16672,"href":"https:\/\/elisabethkastanakis.com\/index.php?rest_route=\/wp\/v2\/pages\/16633\/revisions\/16672"}],"wp:attachment":[{"href":"https:\/\/elisabethkastanakis.com\/index.php?rest_route=%2Fwp%2Fv2%2Fmedia&parent=16633"}],"curies":[{"name":"wp","href":"https:\/\/api.w.org\/{rel}","templated":true}]}}