{"id":11859,"date":"2016-04-29T01:08:05","date_gmt":"2016-04-29T01:08:05","guid":{"rendered":"https:\/\/elisabethkastanakis.com\/blogblog\/?page_id=11859"},"modified":"2025-01-18T14:28:46","modified_gmt":"2025-01-18T14:28:46","slug":"about-me-2","status":"publish","type":"page","link":"https:\/\/elisabethkastanakis.com\/?page_id=11859&lang=de","title":{"rendered":"Meine Story"},"content":{"rendered":"<div class=\"fusion-fullwidth fullwidth-box fusion-builder-row-1 hundred-percent-fullwidth non-hundred-percent-height-scrolling\" style=\"background-color: rgba(36,36,36,0);background-position: center center;background-repeat: no-repeat;padding-top:0px;padding-right:0px;padding-bottom:0px;padding-left:0px;margin-bottom: 0px;margin-top: 0px;border-width: 0px 0px 0px 0px;border-color:#3e3e3e;border-style:solid;\" ><div class=\"fusion-builder-row fusion-row\"><div class=\"fusion-layout-column fusion_builder_column fusion-builder-column-0 fusion_builder_column_1_2 1_2 fusion-one-half fusion-column-first\" style=\"width:48%; margin-right: 4%;margin-top:0px;margin-bottom:20px;\"><div class=\"fusion-column-wrapper fusion-flex-column-wrapper-legacy\" style=\"background-position:left top;background-repeat:no-repeat;-webkit-background-size:cover;-moz-background-size:cover;-o-background-size:cover;background-size:cover;padding: 0px 0px 0px 0px;\"><div class=\"fusion-text fusion-text-1\" style=\"transform:translate3d(0,0,0);\"><p><a href=\"https:\/\/elisabethkastanakis.com\/wp-content\/uploads\/2013\/05\/about-image-new.jpg\"><img decoding=\"async\" class=\"alignnone wp-image-13586\" src=\"https:\/\/elisabethkastanakis.com\/wp-content\/uploads\/2013\/05\/about-image-new.jpg\" width=\"641\" height=\"641\" srcset=\"https:\/\/elisabethkastanakis.com\/wp-content\/uploads\/2013\/05\/about-image-new-66x66.jpg 66w, https:\/\/elisabethkastanakis.com\/wp-content\/uploads\/2013\/05\/about-image-new-150x150.jpg 150w, https:\/\/elisabethkastanakis.com\/wp-content\/uploads\/2013\/05\/about-image-new-200x200.jpg 200w, https:\/\/elisabethkastanakis.com\/wp-content\/uploads\/2013\/05\/about-image-new-300x300.jpg 300w, https:\/\/elisabethkastanakis.com\/wp-content\/uploads\/2013\/05\/about-image-new-400x400.jpg 400w, https:\/\/elisabethkastanakis.com\/wp-content\/uploads\/2013\/05\/about-image-new-600x600.jpg 600w, https:\/\/elisabethkastanakis.com\/wp-content\/uploads\/2013\/05\/about-image-new-768x768.jpg 768w, https:\/\/elisabethkastanakis.com\/wp-content\/uploads\/2013\/05\/about-image-new-800x800.jpg 800w, https:\/\/elisabethkastanakis.com\/wp-content\/uploads\/2013\/05\/about-image-new.jpg 960w\" sizes=\"(max-width: 641px) 100vw, 641px\" \/><\/a><\/p>\n<\/div><div class=\"fusion-sep-clear\"><\/div><div class=\"fusion-separator fusion-full-width-sep\" style=\"margin-left: auto;margin-right: auto;margin-top:20px;margin-bottom:20px;width:100%;\"><div class=\"fusion-separator-border sep-single sep-solid\" style=\"border-color:#3e3e3e;border-top-width:1px;\"><\/div><\/div><div class=\"fusion-sep-clear\"><\/div><ul class=\"fusion-checklist fusion-checklist-1\" style=\"font-size:16px;line-height:27.2px;\"><li class=\"fusion-li-item\"><span style=\"background-color:#731630;font-size:14.08px;height:27.2px;width:27.2px;margin-right:11.2px;\" class=\"icon-wrapper circle-yes\"><i class=\"fusion-li-icon fa-chevron-right fas\" style=\"color:#dd9933;\" aria-hidden=\"true\"><\/i><\/span><div class=\"fusion-li-item-content\" style=\"margin-left:38.4px;\">\n<p>Adeptin von <a href=\"http:\/\/www.danielodier.com\/\" target=\"_blank\" rel=\"noopener noreferrer\">Daniel Odier <\/a>und anderen Meistern des\u00a0 Shivaitischen Tantrismus aus dem Kaschmir gem\u00e4\u00df der Kaula Tradition. Sie ist eingeweiht in TANDAVA und die authentische\u00a0 KASCHMIR MASSAGE.<\/p>\n<\/div><\/li><li class=\"fusion-li-item\"><span style=\"background-color:#731630;font-size:14.08px;height:27.2px;width:27.2px;margin-right:11.2px;\" class=\"icon-wrapper circle-yes\"><i class=\"fusion-li-icon fa-chevron-right fas\" style=\"color:#dd9933;\" aria-hidden=\"true\"><\/i><\/span><div class=\"fusion-li-item-content\" style=\"margin-left:38.4px;\">\n<p>Von <a href=\"http:\/\/margotanand.com\/\" target=\"_blank\" rel=\"noopener noreferrer\">Margot Anand<\/a>, der Gr\u00fcnderin von Skydancing-Tantra, zertifizierte internationale Tantra &#8211; Lehrerin.<\/p>\n<\/div><\/li><li class=\"fusion-li-item\"><span style=\"background-color:#731630;font-size:14.08px;height:27.2px;width:27.2px;margin-right:11.2px;\" class=\"icon-wrapper circle-yes\"><i class=\"fusion-li-icon fa-chevron-right fas\" style=\"color:#dd9933;\" aria-hidden=\"true\"><\/i><\/span><div class=\"fusion-li-item-content\" style=\"margin-left:38.4px;\">\n<p>Gr\u00fcnderin der SENSUAL HOLIDAYS, ein Projekt in der bezaubernden Natur Griechenlands und anderen L\u00e4ndern. Gemeinsam mit hervorragenden Experten in TANZ und TANTRA bietet sie hier interessierten Menschen die M\u00f6glichkeit, w\u00e4hrend des Urlaubs neue aufregende Dimensionen inneren Wachstums, fundamentaler Transformation und tiefer\u00a0 Lebensfreude zu entdecken<\/p>\n<\/div><\/li><li class=\"fusion-li-item\"><span style=\"background-color:#731630;font-size:14.08px;height:27.2px;width:27.2px;margin-right:11.2px;\" class=\"icon-wrapper circle-yes\"><i class=\"fusion-li-icon fa-chevron-right fas\" style=\"color:#dd9933;\" aria-hidden=\"true\"><\/i><\/span><div class=\"fusion-li-item-content\" style=\"margin-left:38.4px;\">\n<p>ISIS &#8211; Priesterin und Eingeweihte des ANTIKEN \u00c4GYPTISCHEN TANTRISMUS and der SEXUAL MAGIE\u00a0<a href=\"https:\/\/elisabethkastanakis.com\/sexual-magie\/?lang=de\">https:\/\/elisabethkastanakis.com\/sexual-magie\/?lang=de<\/a><\/p>\n<\/div><\/li><li class=\"fusion-li-item\"><span style=\"background-color:#731630;font-size:14.08px;height:27.2px;width:27.2px;margin-right:11.2px;\" class=\"icon-wrapper circle-yes\"><i class=\"fusion-li-icon fa-chevron-right fas\" style=\"color:#dd9933;\" aria-hidden=\"true\"><\/i><\/span><div class=\"fusion-li-item-content\" style=\"margin-left:38.4px;\">\n<p>Sch\u00fclerin der Sufi-Meisterin Dr.Fawzia Al- Rawi <a href=\"http:\/\/www.haus-des-friedens.at\/ueber-uns\/verein-safa\/fawzia-al-rawi\/\">http:\/\/www.haus-des-friedens.at\/ueber-uns\/verein-safa\/fawzia-al-rawi\/<\/a><\/p>\n<\/div><\/li><li class=\"fusion-li-item\"><span style=\"background-color:#731630;font-size:14.08px;height:27.2px;width:27.2px;margin-right:11.2px;\" class=\"icon-wrapper circle-yes\"><i class=\"fusion-li-icon fa-chevron-right fas\" style=\"color:#dd9933;\" aria-hidden=\"true\"><\/i><\/span><div class=\"fusion-li-item-content\" style=\"margin-left:38.4px;\">Yoga-&amp; Meditations Lehrerin ausgebildet bei <a href=\"http:\/\/www.schmida.com\/feldenkrais-uebersicht\/2-main\/8-geschichte\" target=\"_blank\" rel=\"noopener noreferrer\">Dr. Susanne Schmida<\/a><strong>,<\/strong> einer spirituellen Pionierin und Inhaberin des ersten Yoga-Institutes in Wien<\/div><\/li><li class=\"fusion-li-item\"><span style=\"background-color:#731630;font-size:14.08px;height:27.2px;width:27.2px;margin-right:11.2px;\" class=\"icon-wrapper circle-yes\"><i class=\"fusion-li-icon fa-chevron-right fas\" style=\"color:#dd9933;\" aria-hidden=\"true\"><\/i><\/span><div class=\"fusion-li-item-content\" style=\"margin-left:38.4px;\">\n<p>Ern\u00e4hrungstherapeutin und Expertin f\u00fcr Gesundheitsvorsorge<\/p>\n<\/div><\/li><li class=\"fusion-li-item\"><span style=\"background-color:#731630;font-size:14.08px;height:27.2px;width:27.2px;margin-right:11.2px;\" class=\"icon-wrapper circle-yes\"><i class=\"fusion-li-icon fa-chevron-right fas\" style=\"color:#dd9933;\" aria-hidden=\"true\"><\/i><\/span><div class=\"fusion-li-item-content\" style=\"margin-left:38.4px;\">\n<p>Mitglied der Deutschen Gesellschaft f\u00fcr Gesundheitsberatung GGB gegr\u00fcndet von ihrem langj\u00e4hrigem Lehrer Dr.Max-Otto-Bruker <a href=\"https:\/\/de.wikipedia.org\/wiki\/Max_Otto_Bruker\">https:\/\/de.wikipedia.org\/wiki\/Max_Otto_Bruker<\/a><\/p>\n<\/div><\/li><li class=\"fusion-li-item\"><span style=\"background-color:#731630;font-size:14.08px;height:27.2px;width:27.2px;margin-right:11.2px;\" class=\"icon-wrapper circle-yes\"><i class=\"fusion-li-icon fa-chevron-right fas\" style=\"color:#dd9933;\" aria-hidden=\"true\"><\/i><\/span><div class=\"fusion-li-item-content\" style=\"margin-left:38.4px;\">\n<p>Bodywork-Therapeutin nach der Methode von <a href=\"http:\/\/www.ismakogie-anneseidel.at\/anneseidel.html\" target=\"_blank\" rel=\"noopener noreferrer\">Prof. Anne Seidel<\/a><\/p>\n<\/div><\/li><li class=\"fusion-li-item\"><span style=\"background-color:#731630;font-size:14.08px;height:27.2px;width:27.2px;margin-right:11.2px;\" class=\"icon-wrapper circle-yes\"><i class=\"fusion-li-icon fa-chevron-right fas\" style=\"color:#dd9933;\" aria-hidden=\"true\"><\/i><\/span><div class=\"fusion-li-item-content\" style=\"margin-left:38.4px;\">\n<p>Autorin eines Bestsellers \u00fcber ausgewogene Ern\u00e4hrung <a href=\"https:\/\/www.amazon.com\/adynatiste-trogontas-ellinika-Elisabeth-Kastanaki\/dp\/9604065815\">https:\/\/www.amazon.com\/adynatiste-trogontas-ellinika-Elisabeth-Kastanaki\/dp\/9604065815<\/a>und internationaler Artikel \u00fcber den spirituellen Pfad des Tantrismus<\/p>\n<\/div><\/li><li class=\"fusion-li-item\"><span style=\"background-color:#731630;font-size:14.08px;height:27.2px;width:27.2px;margin-right:11.2px;\" class=\"icon-wrapper circle-yes\"><i class=\"fusion-li-icon fa-chevron-right fas\" style=\"color:#dd9933;\" aria-hidden=\"true\"><\/i><\/span><div class=\"fusion-li-item-content\" style=\"margin-left:38.4px;\">\n<p>Lehrerin f\u00fcr Sensual- und Spirituelle T\u00e4nze\u00a0<a href=\"https:\/\/www.youtube.com\/watch?v=FjaKGaHVXfw\">https:\/\/www.youtube.com\/watch?v=FjaKGaHVXfw<\/a><\/p>\n<\/div><\/li><\/ul><div class=\"fusion-clearfix\"><\/div><\/div><\/div><div class=\"fusion-layout-column fusion_builder_column fusion-builder-column-1 fusion_builder_column_1_2 1_2 fusion-one-half fusion-column-last\" style=\"width:48%;margin-top:0px;margin-bottom:20px;\"><div class=\"fusion-column-wrapper fusion-flex-column-wrapper-legacy\" style=\"background-position:left top;background-repeat:no-repeat;-webkit-background-size:cover;-moz-background-size:cover;-o-background-size:cover;background-size:cover;padding: 0px 0px 0px 0px;\"><style type=\"text\/css\"><\/style><div class=\"fusion-title title fusion-title-1 fusion-title-text fusion-title-size-two\" style=\"margin-top:0px;margin-bottom:30px;\"><h2 class=\"title-heading-left\" style=\"margin:0;\">Meine Story<\/h2><div class=\"title-sep-container\"><div class=\"title-sep sep-double sep-solid\" style=\"border-color:#3e3e3e;\"><\/div><\/div><\/div><div class=\"fusion-text fusion-text-2\" style=\"transform:translate3d(0,0,0);\"><p>Als abenteuerlustige Seele habe ich schon fr\u00fch meine Heimatstadt Wien verlassen, um andere L\u00e4nder zu entdecken. Viele Jahre lebte \u00a0ich in Griechenland, wo ich das \u00f6sterreichische Konsulat leitete und mir noch immer ein Haus am Meer mit meinem Sohn teile. Ich liebe es Workshops, Seminare die Idee und die Geheimnisse des AUTHENTISCHEN TANTRISMUS auf der ganzen Welt zu verbreiten.<\/p>\n<p>Als ich achtzehn war, begann ich dem Tantrischen Pfad zu folgen, fasziniert von der Vorstellung, dass es eine spirituelle Tradition gibt, die die hohe Kunst des Liebesspiels mit einbezieht. Aber noch viel mehr begeisterte mich die Tatsache, dass uns dieser Pfad aus den gesellschaftlichen Konditionierungen, Dogmen und starren \u00dcberzeugungen, die soviel Leid und Frustration verursachen, befreien und uns in eine wache Bewusstsheit, pure Lebensfreude, Ganzheit und absolute Liebe f\u00fchren kann.<\/p>\n<p>Auf meinem Weg traf ich gro\u00dfartige Lehrer wie MARGOT ANAND, DANIEL ODIER, MA ANANDA SARITA, CHARLES MUIR und andere, die mich tief in die mystische Essenz des Tantrismus eintauchten lie\u00dfen.<\/p>\n<p>Durch regelm\u00e4\u00dfiges Praktizieren und dadurch, dass die Lehren der alten Mysterienschulen mein t\u00e4gliches Leben zunehmend beeinflusst haben, begannen sich meine \u00c4ngste aufzul\u00f6sen und alle meine sozialen Masken und sch\u00fctzenden Panzerungen abzufallen. Dadurch \u200bkonnte ich an K\u00f6rper, Geist und Seele\u200b heilen und ganz werden.\u200b<\/p>\n<p>Mein\u200be Studien, Erkenntnisse und Experimente\u200b f\u00fchrte\u200bn\u200b mich in die grenzenlose Freiheit, ermutigte\u200bn\u200b mich, endlich \u200bauthentisch zu\u200b sein, \u200blie\u00dfen\u200b mich die Sch\u00f6nheit der \u200bRealit\u00e4t \u200berkennen, lehrte\u200bn\u200b mich, \u200bmeinen g\u00f6ttlichen Ursprung\u200b wieder\u200b \u200bzu\u200b \u200bentdecken, indem sie mich best\u00e4rkten, \u200bmeine Leidenschaften \u200bzu umarmen\u200b und v\u200b\u00f6llig\u200b lebendig \u200bzu sein\u200b und \u200b\u00f6ffneten \u200bmein Herz der absoluten Liebe\u200b. \u200bSo konnte eine bis dahin nie \u200bgekannte, tiefe Freude \u200bin mein Leben Einzug halten.\u200b<\/p>\n<p>In meinen Workshops, Seminaren und Retreats teile ich diese begl\u00fcckenden und tiefgehenden Erfahrungen mit mutigen und aufgeschlossenen Menschen, die mehr vom Leben und\u200b der\u200b Liebe wollen, als die moderne Gesellschaft uns zu bieten hat und die erkannt ha\u200bben\u200b, dass die Samen f\u00fcr geistiges Wachstum, pers\u00f6nliche Erf\u00fcllung und heilige Sexualit\u00e4t in \u200bihnen selbst \u200bruhen.<\/p>\n<p>Meine \u200bBerufung\u200b ist es, ihnen einen Weg zu zeigen, diese Samen \u200ber\u200bbl\u00fchen \u200bzu lassen&#8230;\u200b<\/p>\n<p>Mein Motto: \u201e\u00d6ffne Deine Fl\u00fcgel und steige in ungeahnte H\u00f6hen, lebe die gro\u00dfe Freiheit, erobere neue Horizonte, gehe Deinen eigenen Weg, \u00fcberschreite Grenzen, wage den Schritt in das Unbekannte, genie\u00dfe bewusst und pr\u00e4sent jeden Moment Deines Daseins und vertraue dem Fluss des Lebens.\u201c<\/p>\n<p>Mehr \u00fcber <a href=\"https:\/\/gr.linkedin.com\/in\/elisabeth-kastanakis-50195863\/en\" target=\"_blank\" rel=\"noopener noreferrer\">Elisabeth <\/a><\/p>\n<\/div><div class=\"fusion-sep-clear\"><\/div><div class=\"fusion-separator fusion-full-width-sep\" style=\"margin-left: auto;margin-right: auto;margin-top:20px;margin-bottom:20px;width:100%;\"><div class=\"fusion-separator-border sep-single sep-solid\" style=\"border-color:#3e3e3e;border-top-width:1px;\"><\/div><\/div><div class=\"fusion-sep-clear\"><\/div><div class=\"fusion-video fusion-youtube\" style=\"max-width:600px;max-height:360px;\"><div class=\"video-shortcode\"><iframe title=\"YouTube video player\" src=\"https:\/\/www.youtube.com\/embed\/50bXwg44S_U?wmode=transparent&autoplay=0\" width=\"600\" height=\"360\" allowfullscreen allow=\"autoplay; fullscreen\"><\/iframe><\/div><\/div><div class=\"fusion-clearfix\"><\/div><\/div><\/div><div class=\"fusion-layout-column fusion_builder_column fusion-builder-column-2 fusion_builder_column_1_1 1_1 fusion-one-full fusion-column-first fusion-column-last fusion-column-no-min-height\" style=\"margin-top:0px;margin-bottom:0px;\"><div class=\"fusion-column-wrapper fusion-flex-column-wrapper-legacy\" style=\"background-position:left top;background-repeat:no-repeat;-webkit-background-size:cover;-moz-background-size:cover;-o-background-size:cover;background-size:cover;padding: 0px 0px 0px 0px;\"><div class=\"fusion-sep-clear\"><\/div><div class=\"fusion-separator fusion-full-width-sep\" style=\"margin-left: auto;margin-right: auto;margin-top:30px;margin-bottom:60px;width:100%;\"><div class=\"fusion-separator-border sep-double sep-solid\" style=\"border-color:#3e3e3e;border-top-width:1px;border-bottom-width:1px;\"><\/div><\/div><div class=\"fusion-sep-clear\"><\/div><div class=\"fusion-text fusion-text-3\" style=\"transform:translate3d(0,0,0);\"><h1 style=\"text-align: center; font-size: 30px !important;\">\u201e\u00d6ffne Deine Fl\u00fcgel und steige in ungeahnte H\u00f6hen, lebe die gro\u00dfe Freiheit, erobere neue Horizonte, gehe Deinen eigenen Weg, \u00fcberschreite Grenzen, wage den Schritt in das Unbekannte, genie\u00dfe bewusst und pr\u00e4sent jeden Moment Deines Daseins und vertraue dem Fluss des Lebens.\u201c<\/h1>\n<\/div><div class=\"fusion-sep-clear\"><\/div><div class=\"fusion-separator fusion-full-width-sep\" style=\"margin-left: auto;margin-right: auto;margin-top:30px;margin-bottom:60px;width:100%;\"><div class=\"fusion-separator-border sep-double sep-solid\" style=\"border-color:#3e3e3e;border-top-width:1px;border-bottom-width:1px;\"><\/div><\/div><div class=\"fusion-sep-clear\"><\/div><div class=\"fusion-clearfix\"><\/div><\/div><\/div><div class=\"fusion-layout-column fusion_builder_column fusion-builder-column-3 fusion_builder_column_1_1 1_1 fusion-one-full fusion-column-first fusion-column-last\" style=\"margin-top:0px;margin-bottom:20px;\"><div class=\"fusion-column-wrapper fusion-flex-column-wrapper-legacy\" style=\"background-position:left top;background-repeat:no-repeat;-webkit-background-size:cover;-moz-background-size:cover;-o-background-size:cover;background-size:cover;background-color:#731630;border-width: 2px 2px 2px 2px;border-color:#dd9933;border-style:solid;padding: 10px 10px 10px 10px;\"><style type=\"text\/css\"><\/style><div class=\"fusion-title title fusion-title-2 fusion-sep-none fusion-title-center fusion-title-text fusion-title-size-three\" style=\"margin-top:0px;margin-bottom:30px;\"><h3 class=\"title-heading-center\" style=\"margin:0;\"><p style=\"text-align: center;\"><span style=\"color: #dd9933;\">Einige meiner geliebten Lehrer &amp; Spirituellen Meister &#8230;<br \/>\nin tiefe Ehre, Dankbarkeit, Respekt, Wertsch\u00e4tzung und Liebe &#8230;<\/span><\/p><\/h3><\/div><div class=\"fusion-clearfix\"><\/div><\/div><\/div><div class=\"fusion-layout-column fusion_builder_column fusion-builder-column-4 fusion_builder_column_1_3 1_3 fusion-one-third fusion-column-first fusion-column-no-min-height\" style=\"width:30.6666%; margin-right: 4%;margin-top:0px;margin-bottom:0px;\"><div class=\"fusion-column-wrapper fusion-flex-column-wrapper-legacy\" style=\"background-position:left top;background-repeat:no-repeat;-webkit-background-size:cover;-moz-background-size:cover;-o-background-size:cover;background-size:cover;padding: 0px 0px 0px 0px;\"><div class=\"fusion-sep-clear\"><\/div><div class=\"fusion-separator fusion-full-width-sep\" style=\"margin-left: auto;margin-right: auto;margin-top:30px;margin-bottom:60px;width:100%;\"><div class=\"fusion-separator-border sep-double sep-solid\" style=\"border-color:#3e3e3e;border-top-width:1px;border-bottom-width:1px;\"><\/div><\/div><div class=\"fusion-sep-clear\"><\/div><div class=\"fusion-aligncenter\"><style type=\"text\/css\">.fusion-button.button-1 {border-radius:25px;}<\/style><a class=\"fusion-button button-flat button-medium button-default button-1 fusion-button-default-span fusion-button-default-type\" target=\"_blank\" rel=\"noopener noreferrer\" href=\"https:\/\/elisabethkastanakis.com\/unser-blog\/?lang=de\"><span class=\"fusion-button-text\">Our Blog<\/span><\/a><\/div><div class=\"fusion-clearfix\"><\/div><\/div><\/div><div class=\"fusion-layout-column fusion_builder_column fusion-builder-column-5 fusion_builder_column_1_3 1_3 fusion-one-third fusion-column-no-min-height\" style=\"width:30.6666%; margin-right: 4%;margin-top:0px;margin-bottom:0px;\"><div class=\"fusion-column-wrapper fusion-flex-column-wrapper-legacy\" style=\"background-position:left top;background-repeat:no-repeat;-webkit-background-size:cover;-moz-background-size:cover;-o-background-size:cover;background-size:cover;padding: 0px 0px 0px 0px;\"><div class=\"fusion-sep-clear\"><\/div><div class=\"fusion-separator fusion-full-width-sep\" style=\"margin-left: auto;margin-right: auto;margin-top:30px;margin-bottom:60px;width:100%;\"><div class=\"fusion-separator-border sep-double sep-solid\" style=\"border-color:#3e3e3e;border-top-width:1px;border-bottom-width:1px;\"><\/div><\/div><div class=\"fusion-sep-clear\"><\/div><div class=\"fusion-aligncenter\"><style type=\"text\/css\">.fusion-button.button-2 {border-radius:25px;}<\/style><a class=\"fusion-button button-flat button-medium button-default button-2 fusion-button-default-span fusion-button-default-type\" target=\"_blank\" rel=\"noopener noreferrer\" href=\"https:\/\/elisabethkastanakis.com\/our-friends\/?lang=de\"><span class=\"fusion-button-text\">Unsere Freunde<\/span><\/a><\/div><div class=\"fusion-clearfix\"><\/div><\/div><\/div><div class=\"fusion-layout-column fusion_builder_column fusion-builder-column-6 fusion_builder_column_1_3 1_3 fusion-one-third fusion-column-last fusion-column-no-min-height\" style=\"width:30.6666%;margin-top:0px;margin-bottom:0px;\"><div class=\"fusion-column-wrapper fusion-flex-column-wrapper-legacy\" style=\"background-position:left top;background-repeat:no-repeat;-webkit-background-size:cover;-moz-background-size:cover;-o-background-size:cover;background-size:cover;padding: 0px 0px 0px 0px;\"><div class=\"fusion-sep-clear\"><\/div><div class=\"fusion-separator fusion-full-width-sep\" style=\"margin-left: auto;margin-right: auto;margin-top:30px;margin-bottom:60px;width:100%;\"><div class=\"fusion-separator-border sep-double sep-solid\" style=\"border-color:#3e3e3e;border-top-width:1px;border-bottom-width:1px;\"><\/div><\/div><div class=\"fusion-sep-clear\"><\/div><div class=\"fusion-aligncenter\"><style type=\"text\/css\">.fusion-button.button-3 {border-radius:25px;}<\/style><a class=\"fusion-button button-flat button-medium button-default button-3 fusion-button-default-span fusion-button-default-type\" target=\"_blank\" rel=\"noopener noreferrer\" href=\"https:\/\/elisabethkastanakis.com\/bevorstehenden-events\/?lang=de\"><span class=\"fusion-button-text\">Bevorstehenden events<\/span><\/a><\/div><div class=\"fusion-clearfix\"><\/div><\/div><\/div><\/div><\/div>\n","protected":false},"excerpt":{"rendered":"","protected":false},"author":4,"featured_media":0,"parent":0,"menu_order":0,"comment_status":"open","ping_status":"closed","template":"","meta":{"footnotes":""},"class_list":["post-11859","page","type-page","status-publish","hentry"],"_links":{"self":[{"href":"https:\/\/elisabethkastanakis.com\/index.php?rest_route=\/wp\/v2\/pages\/11859","targetHints":{"allow":["GET"]}}],"collection":[{"href":"https:\/\/elisabethkastanakis.com\/index.php?rest_route=\/wp\/v2\/pages"}],"about":[{"href":"https:\/\/elisabethkastanakis.com\/index.php?rest_route=\/wp\/v2\/types\/page"}],"author":[{"embeddable":true,"href":"https:\/\/elisabethkastanakis.com\/index.php?rest_route=\/wp\/v2\/users\/4"}],"replies":[{"embeddable":true,"href":"https:\/\/elisabethkastanakis.com\/index.php?rest_route=%2Fwp%2Fv2%2Fcomments&post=11859"}],"version-history":[{"count":60,"href":"https:\/\/elisabethkastanakis.com\/index.php?rest_route=\/wp\/v2\/pages\/11859\/revisions"}],"predecessor-version":[{"id":18822,"href":"https:\/\/elisabethkastanakis.com\/index.php?rest_route=\/wp\/v2\/pages\/11859\/revisions\/18822"}],"wp:attachment":[{"href":"https:\/\/elisabethkastanakis.com\/index.php?rest_route=%2Fwp%2Fv2%2Fmedia&parent=11859"}],"curies":[{"name":"wp","href":"https:\/\/api.w.org\/{rel}","templated":true}]}}